{"id":39,"date":"2014-03-08T19:24:40","date_gmt":"2014-03-08T17:24:40","guid":{"rendered":"http:\/\/schicht16.de\/?page_id=39"},"modified":"2025-10-05T12:31:28","modified_gmt":"2025-10-05T10:31:28","slug":"schichthelfer","status":"publish","type":"page","link":"http:\/\/schicht16.de\/?page_id=39","title":{"rendered":"Schichthelfer"},"content":{"rendered":"<p>Schichthelfersind der Kreis von aktiven Nachbar\/innen eines Schichtes, die die Schichtmeister in ihrer Arbeit unterst\u00fctzen. Die Schichte haben in der Regel eine(n) Schriftf\u00fchrer\/in und eine(n) Kassierer\/in. Die Helfer treffen sich im Laufe eines Jahres regelm\u00e4\u00dfig, oft auch in offener Runde als &#8222;Stammtisch&#8220; f\u00fcr alle Nachbarn. In vielen Schichten treffen sich &#8222;Arbeitskreise&#8220; monatlich.<\/p>\n<div class=\"su-spoiler su-spoiler-style-simple su-spoiler-icon-chevron su-spoiler-closed\" data-scroll-offset=\"0\" data-anchor-in-url=\"no\"><div class=\"su-spoiler-title\" tabindex=\"0\" role=\"button\"><span class=\"su-spoiler-icon\"><\/span>Der Schichthelferkreis<\/div><div class=\"su-spoiler-content su-u-clearfix su-u-trim\">\n<p>Gemeinsamkeit wird bei Schicht 16 gro\u00dfgeschrieben. So werden die zahlreichen Aktivit\u00e4ten von einem Schichthelferkreis vorbereitet und durchgef\u00fchrt:<\/p>\n<div class=\"su-list\" style=\"margin-left:0px\">\n<ul>\n<li><i class=\"sui sui-angle-right\" style=\"color:#333\"><\/i> Anke St\u00fcwe und Michael Blocksdorf<\/li>\n<li><i class=\"sui sui-angle-right\" style=\"color:#333\"><\/i> Angelika Schr\u00f6der<\/li>\n<li><i class=\"sui sui-angle-right\" style=\"color:#333\"><\/i> Heike und G\u00fcnter Weslowsky<\/li>\n<li><i class=\"sui sui-angle-right\" style=\"color:#333\"><\/i> Anna Koolmees<\/li>\n<li><i class=\"sui sui-angle-right\" style=\"color:#333\"><\/i> Karin und Bernd Engelhardt<\/li>\n<li><i class=\"sui sui-angle-right\" style=\"color:#333\"><\/i> Gaby und J\u00fcrgen Heinrichs<\/li>\n<li><i class=\"sui sui-angle-right\" style=\"color:#333\"><\/i> Stephan Franzke<\/li>\n<li><i class=\"sui sui-angle-right\" style=\"color:#333\"><\/i> Willi M\u00fcller und Hannelore Kramer<\/li>\n<li><i class=\"sui sui-angle-right\" style=\"color:#333\"><\/i> Norbert und Marion Scheibel<\/li>\n<\/ul>\n<\/div>\n<\/div><\/div>\n","protected":false},"excerpt":{"rendered":"<p>Schichthelfersind der Kreis von aktiven Nachbar\/innen eines Schichtes, die die Schichtmeister in ihrer Arbeit unterst\u00fctzen. Die Schichte haben in der Regel eine(n) Schriftf\u00fchrer\/in und eine(n) Kassierer\/in. Die Helfer treffen sich im Laufe eines Jahres regelm\u00e4\u00dfig, oft auch in offener Runde als &#8222;Stammtisch&#8220; f\u00fcr alle Nachbarn. In vielen Schichten treffen sich \u2026 <a class=\"continue-reading-link\" href=\"http:\/\/schicht16.de\/?page_id=39\">weiterlesen<\/a><\/p>\n","protected":false},"author":1,"featured_media":0,"parent":35,"menu_order":0,"comment_status":"closed","ping_status":"closed","template":"","meta":{"ngg_post_thumbnail":0},"_links":{"self":[{"href":"http:\/\/schicht16.de\/index.php?rest_route=\/wp\/v2\/pages\/39"}],"collection":[{"href":"http:\/\/schicht16.de\/index.php?rest_route=\/wp\/v2\/pages"}],"about":[{"href":"http:\/\/schicht16.de\/index.php?rest_route=\/wp\/v2\/types\/page"}],"author":[{"embeddable":true,"href":"http:\/\/schicht16.de\/index.php?rest_route=\/wp\/v2\/users\/1"}],"replies":[{"embeddable":true,"href":"http:\/\/schicht16.de\/index.php?rest_route=%2Fwp%2Fv2%2Fcomments&post=39"}],"version-history":[{"count":13,"href":"http:\/\/schicht16.de\/index.php?rest_route=\/wp\/v2\/pages\/39\/revisions"}],"predecessor-version":[{"id":3427,"href":"http:\/\/schicht16.de\/index.php?rest_route=\/wp\/v2\/pages\/39\/revisions\/3427"}],"up":[{"embeddable":true,"href":"http:\/\/schicht16.de\/index.php?rest_route=\/wp\/v2\/pages\/35"}],"wp:attachment":[{"href":"http:\/\/schicht16.de\/index.php?rest_route=%2Fwp%2Fv2%2Fmedia&parent=39"}],"curies":[{"name":"wp","href":"https:\/\/api.w.org\/{rel}","templated":true}]}}