{"id":43,"date":"2014-03-08T19:25:41","date_gmt":"2014-03-08T17:25:41","guid":{"rendered":"http:\/\/schicht16.de\/?page_id=43"},"modified":"2014-04-09T20:38:26","modified_gmt":"2014-04-09T18:38:26","slug":"schichtwesen","status":"publish","type":"page","link":"http:\/\/schicht16.de\/?page_id=43","title":{"rendered":"Schichtwesen"},"content":{"rendered":"<div class=\"su-spoiler su-spoiler-style-simple su-spoiler-icon-chevron su-spoiler-closed\" data-scroll-offset=\"0\" data-anchor-in-url=\"no\"><div class=\"su-spoiler-title\" tabindex=\"0\" role=\"button\"><span class=\"su-spoiler-icon\"><\/span>Das Schicht<\/div><div class=\"su-spoiler-content su-u-clearfix su-u-trim\">\n<p>Im 15. Jahrhundert wurde die Stadt Schwerte in 10 Unterbezirke gegliedert. Eine solche Nachbarschaft von ca. 30 H\u00e4usern bildete ein (das) Schicht.<\/p>\n<p>Der Begriff ist s\u00e4chlich, weil es sich um einen r\u00e4umlichen Bezirk handelt (im Gegensatz z.B. die Arbeits- oder Gesteinsschicht). Heute ist ein Schichtgebiet viel gr\u00f6\u00dfer.<\/p>\n<p>In der zweiten H\u00e4lfte des 19. Jahrhunderts wurden au\u00dferhalb der ehemaligen Stadtmauern neue Schichte gegr\u00fcndet; Das Schicht 11 war 1872 das erste.<br \/>\n<\/div><\/div>\n<div class=\"su-spoiler su-spoiler-style-simple su-spoiler-icon-chevron su-spoiler-closed\" data-scroll-offset=\"0\" data-anchor-in-url=\"no\"><div class=\"su-spoiler-title\" tabindex=\"0\" role=\"button\"><span class=\"su-spoiler-icon\"><\/span>Mitgliedschaft im Schicht<\/div><div class=\"su-spoiler-content su-u-clearfix su-u-trim\">\n<p>Heute ist man Nachbar in einem Schicht, weil man in der Regel in diesem Gebiet wohnt. Wegen Umzugs oder aus anderen Gr\u00fcnden kann man seit einigen Jahren jedoch auch Mitglied eines Schichtes sein,\u00a0in dem man nicht wohnt.<\/p>\n<p>Im Mittelalter wurde zwischen Erbnachbarn und Einwohnernachbarn (Mietern) unterschieden. Wer Hausbesitzer war und Erbnachbar werden wollte, mu\u00dfte &#8222;winnen&#8220;,\u00a0d.h. das Nachbarschaftsrecht erst gewinnen, und zwar bis ins 18. Jahrhundert durch die Spende einer Tonne Bier (114,5 Liter) oder sp\u00e4ter durch Zahlung einer bestimmten Geldsumme an die Schichtkasse.<br \/>\nDas Erbnachbarrecht galt f\u00fcr Mann und Frau sowie ihre Kinder lebenslang. Mieter gewannen das voll g\u00fcltige Nachbarrecht jeweils durch Zahlung eines Betrags j\u00e4hrlich.<br \/>\n<\/div><\/div>\n<div class=\"su-spoiler su-spoiler-style-simple su-spoiler-icon-chevron su-spoiler-closed\" data-scroll-offset=\"0\" data-anchor-in-url=\"no\"><div class=\"su-spoiler-title\" tabindex=\"0\" role=\"button\"><span class=\"su-spoiler-icon\"><\/span>Ziel und Zweck der Schichte<\/div><div class=\"su-spoiler-content su-u-clearfix su-u-trim\">\n<p>Ziel und Zweck der Schichte ist es, die Bewohner der einzelnen Schichte \u00fcber das eventuell Trennende der Religion, Politik und sozialen Stellung hinaus einander n\u00e4her zu bringen, das Gemeinschaftsleben zu pflegen, miteinander zu feiern sowie Hilfe bei Not, Krankheit und Tod zu leisten; Man sprach vom &#8222;Notnachbarn&#8220;. Starb ein Mitglied der Nachbarschaft, sagte der Notnachbar den Tod an, Nachbarn bestellten die Leichentr\u00e4ger und veranlassten das Totenl\u00e4uten.<\/p>\n<p>Aufgabe der Schichte im Mittelalter waren vor allem:<br \/>\n<div class=\"su-list\" style=\"margin-left:0px\">\n<ul>\n<li><i class=\"sui sui-angle-right\" style=\"color:#333\"><\/i> Aufbringung von Steuern (&#8222;Wachsgelder&#8220;, &#8222;Schatzungen&#8220;), die innerhalb eines Schichts erhoben und vom Schichtmeister (siehe dort) an die Stadt abgef\u00fchrt wurden<\/li>\n<li><i class=\"sui sui-angle-right\" style=\"color:#333\"><\/i> Feuerschutz: Die Schichte hatten Feuerleitern und Feuerhaken sowie jeder B\u00fcrger einen ledernen Wassereimer bereitzuhalten<\/li>\n<li><i class=\"sui sui-angle-right\" style=\"color:#333\"><\/i> Wege, Gr\u00e4ben und Teiche in Ordnung halten, B\u00e4ume im Gemeindewald (Schwerter Wald) pflanzen sowie das Holz schlagen und verteilen<\/li>\n<li><i class=\"sui sui-angle-right\" style=\"color:#333\"><\/i> Wachdienste leisten.<\/li>\n<li><i class=\"sui sui-angle-right\" style=\"color:#333\"><\/i> Salz von der Staatlichen Saline in Unna holen <\/li>\n<\/ul>\n<\/div>\nIm Mittelalter waren die St\u00e4dte also quasi Verwaltungsbezirke mit unteren Verwaltungsaufgaben. F\u00fcr deren ordnungsgem\u00e4\u00dfe Durchf\u00fchrung war der ehrenamlich t\u00e4tige Schichtmeister verantwortlich.<\/p>\n<p>Im 17. Jahrhundert waren die Schichte gleichberechtigte K\u00f6rperschaften neben Rat und Gilden. Die Schichte halfen zum Beispiel den Handwerkern beim Neubau des Daches von St. Viktor nach der dritten Feuersbrunst im 17. Jahrhundert in Schwerte am 19.02.1669, bei der auch etwa 100 H\u00e4user stark besch\u00e4digt wurde.<br \/>\n<\/div><\/div>\n<div class=\"su-spoiler su-spoiler-style-simple su-spoiler-icon-chevron su-spoiler-closed\" data-scroll-offset=\"0\" data-anchor-in-url=\"no\"><div class=\"su-spoiler-title\" tabindex=\"0\" role=\"button\"><span class=\"su-spoiler-icon\"><\/span>Eine Schicht machen<\/div><div class=\"su-spoiler-content su-u-clearfix su-u-trim\">\n<p>&#8222;Eine Schicht machen&#8220; bedeutet, Aufruhr gegen die Stadt machen. So erzwangen zum Beispiel im 14. Jahrhundert Aufr\u00fchrer, die man &#8222;Schichtmacher&#8220; nannte, das Recht, aus ihren Reihen zwei Vertreter (Hauptleute) in den Rat der Stadt w\u00e4hlen zu lassen (Vergleichbares gab es nur in Westhofen, Braunschweig und Minden).<br \/>\n<\/div><\/div>\n<div class=\"su-spoiler su-spoiler-style-simple su-spoiler-icon-chevron su-spoiler-closed\" data-scroll-offset=\"0\" data-anchor-in-url=\"no\"><div class=\"su-spoiler-title\" tabindex=\"0\" role=\"button\"><span class=\"su-spoiler-icon\"><\/span>Schichtabend<\/div><div class=\"su-spoiler-content su-u-clearfix su-u-trim\">\n<p>Schichtabend ist die Zusammenkunft der Nachbarn eines Schichts &#8211; urspr\u00fcnglich Mitte Januar, heute von Januar bis M\u00e4rz eines Jahres. Diese Zusammenkunft wurde auch Jahresschichtversammlung genannt. Fr\u00fcher trafen sich die (m\u00e4nnlichen) Nachbarn und die Nachbarinnen getrennt an verschiedenen Abenden, seit Jahren grunds\u00e4tzlich gemeinsam. Ausnahme: Schicht 6 (das sogenannte Herrenschicht, das 1972 seinen 250. Schichtabend feiern konnte). <\/p>\n<p>Zweck:<br \/>\n<div class=\"su-list\" style=\"margin-left:0px\">\n<ul>\n<li><i class=\"sui sui-angle-right\" style=\"color:#333\"><\/i> Rechenschaftslegung des Schichtmeisters \u00fcber die geleistete Arbeit des vergangenen Jahres<\/li>\n<li><i class=\"sui sui-angle-right\" style=\"color:#333\"><\/i> Fr\u00f6hliches Beisammensein mit gemeinsamen Essen, Tanz und Programm; deshalb heute meist &#8222;Schichtfest&#8220; genannt. Erst in der Mitte des 19. Jahrhunderts kam die Sitte auf, ein vollst\u00e4ndiges Abendessen einzunehmen; Fr\u00fcher gab es Freibier und ein &#8222;Zubrot&#8220; von den neuen Erbnachbarn (siehe &#8222;Mitgliedschaft im Schicht&#8220;)<\/li>\n<\/ul>\n<\/div>\n<p>Die Teilnahme an der Jahresschichtversammlung war im Mittelalter f\u00fcr alle Nachbarn Pflicht. Unbegr\u00fcndetes Fernbleiben wurde bestraft. Auf anst\u00e4ndige Kleidung und ordentliches Verhalten in der Versammlung wurde streng geachtet. Jeder wurde ohne R\u00fccksicht auf Rang und W\u00fcrden nur mit &#8222;Nachbar&#8220; angeredet.<br \/>\n<\/div><\/div>\n<div class=\"su-spoiler su-spoiler-style-simple su-spoiler-icon-chevron su-spoiler-closed\" data-scroll-offset=\"0\" data-anchor-in-url=\"no\"><div class=\"su-spoiler-title\" tabindex=\"0\" role=\"button\"><span class=\"su-spoiler-icon\"><\/span>Schichtbuch<\/div><div class=\"su-spoiler-content su-u-clearfix su-u-trim\">\n<p>Schichtbuch ist eine Art &#8222;Protokollbuch&#8220; eines Schichtes vor allen \u00fcber die durchgef\u00fchrten Schichtabende (siehe dort) und wichtige Ereignisse im abgelaufenen Jahr. Heute wird es teilweise auch als &#8222;Lose-Blatt-Sammlung&#8220; gef\u00fchrt, und zwar in der Regel vom Schrift- f\u00fchrer oder Kassierer. Die \u00e4ltesten vorhandenen Schichtb\u00fccher stammen aus dem Jahr 1715 (Schicht 8) und 1753 (Schicht 13). Die B\u00fccher (Aufzeichnungen) von anderen &#8222;alten&#8220; Schichten (z.B. 6 und 9) reichen bis in die Mitte des 18. Jahrhunderts zur\u00fcck.<br \/>\n<\/div><\/div>\n<div class=\"su-spoiler su-spoiler-style-simple su-spoiler-icon-chevron su-spoiler-closed\" data-scroll-offset=\"0\" data-anchor-in-url=\"no\"><div class=\"su-spoiler-title\" tabindex=\"0\" role=\"button\"><span class=\"su-spoiler-icon\"><\/span>Schichtsatzung<\/div><div class=\"su-spoiler-content su-u-clearfix su-u-trim\">\n<p>Viele Schichte haben sich eine eigene Satzung gegeben. So sind z.B. die Satzungen folgender Schichte aus dem in Klammern angegebenen Jahr bekannt: 3 (1860), 4 (1856), 10 (1866), 11 (1872), 14 (1880). In den Satzungen wurden u.A. das Schichtgebiet, die Pflichten \/Aufgaben der Nachbarn, der Erwerb der Mitgliedschaft (&#8222;Gewinngeld&#8220;), der Versammlungsmodus geregelt.<br \/>\n<\/div><\/div>\n<div class=\"su-spoiler su-spoiler-style-simple su-spoiler-icon-chevron su-spoiler-closed\" data-scroll-offset=\"0\" data-anchor-in-url=\"no\"><div class=\"su-spoiler-title\" tabindex=\"0\" role=\"button\"><span class=\"su-spoiler-icon\"><\/span>Das Oberschicht<\/div><div class=\"su-spoiler-content su-u-clearfix su-u-trim\">\n<p>Die beiden Schichtmeister sowie die\/der Schriftf\u00fchrer\/in und\/oder Kassierer\/in aller Schichte bilden die Vertretung im Oberschicht. Jedes Schicht ist durch drei Personen vertreten. Es wurde 1950 gegr\u00fcndet, und zwar auf Betreiben von Norbert Kaufhold, der der erste Oberschichtmeister wurde. 1981 wurde die Satzung des &#8222;Oberschichts der Schwerter Nachbarschaften&#8220; neu gefa\u00dft und danach noch einmal \u00fcberarbeitet. Die Oberschicht w\u00e4hlt einen Vorstand f\u00fcr einen Zeitraum von f\u00fcnf Jahren. <\/p>\n<p>Ihm geh\u00f6ren an:<br \/>\n<div class=\"su-list\" style=\"margin-left:0px\">\n<ul>\n<li><i class=\"sui sui-angle-right\" style=\"color:#333\"><\/i> ein (e) Oberschichtmeister\/in<\/li>\n<li><i class=\"sui sui-angle-right\" style=\"color:#333\"><\/i> ein (e) stellvertr. Oberschichtmeister\/in<\/li>\n<li><i class=\"sui sui-angle-right\" style=\"color:#333\"><\/i> zwei Gesch\u00e4ftsf\u00fchrer<\/li>\n<li><i class=\"sui sui-angle-right\" style=\"color:#333\"><\/i> zwei Kassierer<\/li>\n<li><i class=\"sui sui-angle-right\" style=\"color:#333\"><\/i> f\u00fcnf Beisitzer<\/li>\n<li><i class=\"sui sui-angle-right\" style=\"color:#333\"><\/i> B\u00fcrgermeister und Stadtdirektor sind geborene Mitglieder des Oberschichts<\/li>\n<\/ul>\n<\/div>\n<p>Neben dem Vorstand besteht ein &#8222;Ehren-Beirat&#8220; mit beratender Stimme. Dessen (bis zu f\u00fcnf) Mitglieder werden vom Vorstand auf Lebenszeit berufen. Es sollen Nachbarn sein, die sich um das Nachbarschafts- und Heimatwesen der Stadt Schwerte besonders verdient gemacht haben. <\/p>\n<p>Aufgaben sind vor allem:<br \/>\n<div class=\"su-list\" style=\"margin-left:0px\">\n<ul>\n<li><i class=\"sui sui-angle-right\" style=\"color:#333\"><\/i> den Nachbarschafts- und Heimatgedanken und die Heimatkunde in der Stadt Schwerte pflegen und f\u00f6rdern<\/li>\n<li><i class=\"sui sui-angle-right\" style=\"color:#333\"><\/i> in der Denkmalpflege und bei der Erhaltung sch\u00fctzenswerter H\u00e4user im Stadtgebiet sowie bei Stra\u00dfenbenennungen mitwirken<\/li>\n<li><i class=\"sui sui-angle-right\" style=\"color:#333\"><\/i> die Belange aller Schichte vertreten und Nachbarschaftsauf- gaben der Schichte koordinieren<\/li>\n<li><i class=\"sui sui-angle-right\" style=\"color:#333\"><\/i> an dem Geschick der Stadt mitwirken (B\u00fcrgermeister Wengenroth 1957: Denn das sollte man nicht allein den gew\u00e4hlten Ratsvertretern oder dem B\u00fcrgermeister \u00fcberlassen)<\/li>\n<li><i class=\"sui sui-angle-right\" style=\"color:#333\"><\/i> auf dem Gebiet der St\u00e4dtepartnerschaft (V\u00f6lkerverst\u00e4ndigung) die Arbeit der Stadt unterst\u00fctzen<\/li>\n<\/ul>\n<\/div>\n<p>Oberster Grundsatz der Arbeit des Oberschicht-Vorstandes ist partei-politische und religi\u00f6se Neutralit\u00e4t. Bis 1962 fanden einmal j\u00e4hrlich zu Martini (11.11) Arbeitsitzungen des Oberschichts statt (einschlie\u00dflich Essen). Seit 1962 wird die kommunalpolitische Mitwirkung getrennt vom fr\u00f6hlichen November- Beisammensein beim Jahresfest mit Essen, Tanz und Programm durch- gef\u00fchrt. Grundsatz ist, das die Programmgestaltung von den Schichten \u00fcbernommen wird. Zur &#8222;Frage- und Ausprachestunde des Rates und der Verwaltung der Stadt Schwerte&#8220; mit dem Vorstand des Oberschichts und gegebenenfalls einigen Schichtmeistern und Nachbarn werden vom Oberschicht W\u00fcnsche und Anregungen in kommunalpolitischen Angelegen- heiten vorgetragen und gemeinsam beraten.<br \/>\n<\/div><\/div>\n","protected":false},"excerpt":{"rendered":"","protected":false},"author":1,"featured_media":0,"parent":0,"menu_order":0,"comment_status":"closed","ping_status":"closed","template":"","meta":{"ngg_post_thumbnail":0},"_links":{"self":[{"href":"http:\/\/schicht16.de\/index.php?rest_route=\/wp\/v2\/pages\/43"}],"collection":[{"href":"http:\/\/schicht16.de\/index.php?rest_route=\/wp\/v2\/pages"}],"about":[{"href":"http:\/\/schicht16.de\/index.php?rest_route=\/wp\/v2\/types\/page"}],"author":[{"embeddable":true,"href":"http:\/\/schicht16.de\/index.php?rest_route=\/wp\/v2\/users\/1"}],"replies":[{"embeddable":true,"href":"http:\/\/schicht16.de\/index.php?rest_route=%2Fwp%2Fv2%2Fcomments&post=43"}],"version-history":[{"count":4,"href":"http:\/\/schicht16.de\/index.php?rest_route=\/wp\/v2\/pages\/43\/revisions"}],"predecessor-version":[{"id":367,"href":"http:\/\/schicht16.de\/index.php?rest_route=\/wp\/v2\/pages\/43\/revisions\/367"}],"wp:attachment":[{"href":"http:\/\/schicht16.de\/index.php?rest_route=%2Fwp%2Fv2%2Fmedia&parent=43"}],"curies":[{"name":"wp","href":"https:\/\/api.w.org\/{rel}","templated":true}]}}